1
In base 4, what is -20103 + -23?
-20132
In base 2, what is 1100101 + -100?
1100001
In base 9, what is 0 + -12?
-12
In base 11, what is -5 - 327?
-331
In base 15, what is 943 + -2?
941
In base 3, what is 202 + 10?
212
In base 15, what is -5d1 - -4?
-5cc
In base 5, what is 0 + 1343?
1343
In base 11, what is -259 - -4?
-255
In base 7, what is 203 + -3?
200
In base 12, what is 102 - 54?
6a
In base 4, what is -23302 - 0?
-23302
In base 15, what is -4 + 1855?
1851
In base 13, what is -1a31 - 0?
-1a31
In base 7, what is -162 - 1?
-163
In base 2, what is 101110100 - -11?
101110111
In base 9, what is -78 + -36?
-125
In base 15, what is -1a - -15?
-5
In base 15, what is -199 + 4?
-195
In base 16, what is 89 + 2?
8b
In base 13, what is -b - -1a?
c
In base 16, what is -4 - -e?
a
In base 9, what is 1 - 345?
-344
In base 15, what is -d1 - e?
-e0
In base 9, what is 52 - 0?
52
In base 6, what is -2104 - -1?
-2103
In base 15, what is -28a + 3?
-287
In base 6, what is 15 - 4?
11
In base 12, what is 2b1 - -4?
2b5
In base 11, what is -5 - 126?
-130
In base 4, what is -31 + -21?
-112
In base 5, what is -41014 - -11?
-41003
In base 6, what is 144 - 33?
111
In base 14, what is -4 + -1d?
-23
In base 5, what is -42 + -10?
-102
In base 4, what is 10 - 12123?
-12113
In base 2, what is -1001 + -100101111111?
-100110001000
In base 9, what is -47 - -25?
-22
In base 13, what is 2 + 10?
12
In base 15, what is -34 + be?
8a
In base 12, what is 3 + -811?
-80a
In base 10, what is -52 - -3?
-49
In base 12, what is 1339 + -4?
1335
In base 14, what is 1 - -1?
2
In base 9, what is 528 + 14?
543
In base 11, what is -261 + -3?
-264
In base 3, what is 10212 - -11?
11000
In base 10, what is 5 + 307?
312
In base 11, what is -3 + 25?
22
In base 10, what is -121 + -4?
-125
In base 15, what is -5 - 21?
-26
In base 11, what is 39 - -2a5?
333
In base 11, what is -2a6 - 1?
-2a7
In base 6, what is 0 - 15420?
-15420
In base 16, what is 12 - -a?
1c
In base 2, what is -110110001 - -1?
-110110000
In base 5, what is 341 - 3?
333
In base 3, what is 10 + -10222020?
-10222010
In base 8, what is 0 + 106?
106
In base 4, what is -2322320 - -10?
-2322310
In base 4, what is -201 - 12?
-213
In base 11, what is -4a + 50?
1
In base 16, what is -c - -c?
0
In base 6, what is 3 - 324?
-321
In base 3, what is -20121212 + -1?
-20121220
In base 8, what is -46 + -404?
-452
In base 2, what is -100 + 1010110001?
1010101101
In base 6, what is -105 - 5?
-114
In base 12, what is 226 + -3?
223
In base 15, what is 68d + -3?
68a
In base 8, what is -5050 - 3?
-5053
In base 10, what is 1 + 56?
57
In base 13, what is 4 + 41?
45
In base 5, what is -1010 - 0?
-1010
In base 6, what is 1105 - -3?
1112
In base 8, what is -4 + 34?
30
In base 13, what is -a - 6?
-13
In base 6, what is -3 + 100?
53
In base 15, what is -4 - 444?
-448
In base 10, what is 47 - 2?
45
In base 13, what is -67 + 1?
-66
In base 2, what is 100 + 100110100111?
100110101011
In base 15, what is -1 - -56?
55
In base 8, what is -46 - 7?
-55
In base 6, what is 13 - 11?
2
In base 11, what is 6 + -35?
-2a
In base 5, what is 22 + 2124?
2201
In base 10, what is -71 + -5?
-76
In base 5, what is 10 - -231?
241
In base 10, what is -2 + -63?
-65
In base 2, what is 1010 + 110101010?
110110100
In base 9, what is -3 - -3423?
3420
In base 2, what is 11 - 101011?
-101000
In base 13, what is -108 + -17?
-122
In base 9, what is -114 - 15?
-130
In base 14, what is -3 + -21?
-24
In base 9, what is -42 + -17?
-60
In base 12, what is 19b + 4?
1a3
In base 10, what is -1 - 54?
-55
In base 14, what is 6859 + 5?
6860
In base 7, what is 3 - 23612?
-23606
In base 15, what is 6d - 0?
6d
In base 7, what is -1232 + 5?
-1224
In base 3, what is 12 + 21211202?
21211221
In base 16, what is -7 - 14?
-1b
In base 4, what is 101023 - 3?
101020
In base 14, what is 6 + 115?
11b
In base 10, what is 3 - 48?
-45
In base 6, what is -145 + 11?
-134
In base 15, what is -14d3 - -4?
-14ce
In base 9, what is 4 + -60?
-55
In base 13, what is -8 + 3c7?
3bc
In base 2, what is -110000010 + 0?
-110000010
In base 11, what is 3 + 1787?
178a
In base 13, what is 2 - -8b?
90
In base 8, what is -3724 - -3?
-3721
In base 14, what is 8 + -5?
3
In base 6, what is 22041 + -2?
22035
In base 10, what is 1 + 37?
38
In base 6, what is -4 + 132?
124
In base 10, what is -2 - -39?
37
In base 5, what is 3303 - 14?
3234
In base 16, what is 28 - -1?
29
In base 5, what is 143 + -334?
-141
In base 12, what is 5 + -48?
-43
In base 7, what is 2 - -553?
555
In base 15, what is -3e3 + 0?
-3e3
In base 4, what is -1121 - 2?
-1123
In base 11, what is 9541 - 3?
9539
In base 13, what is -3 - 14c0?
-14c3
In base 12, what is -15b - -9?
-152
In base 15, what is -3c + -1?
-3d
In base 4, what is -120 - -130?
10
In base 9, what is -2 - 444?
-446
In base 2, what is 101 - 11010000010?
-11001111101
In base 14, what is 3a + 1?
3b
In base 4, what is -333 - -1?
-332
In base 10, what is 2 - -43?
45
In base 13, what is 5 - 27a?
-275
In base 4, what is 2 + -103?
-101
In base 12, what is -313 - 4?
-317
In base 7, what is -31650 - 3?
-31653
In base 15, what is 5 + 27?
2c
In base 6, what is 0 + 35543?
35543
In base 13, what is 27c + -3?
279
In base 4, what is 3012 - 20?
2332
In base 9, what is 0 - -68?
68
In base 12, what is 3 + -34?
-31
In base 15, what is 6c - 0?
6c
In base 15, what is -4 + -340?
-344
In base 5, what is 130023 - 1?
130022
In base 4, what is 13 - 33123?
-33110
In base 3, what is -12 - 10121010?
-10121022
In base 12, what is -7 - -24?
19
In base 7, what is 1064 - 5?
1056
In base 9, what is -20456 - -2?
-20454
In base 12, what is 3 + -19a4?
-19a1
In base 7, what is -2 + -111?
-113
In base 16, what is 1 - -4d8?
4d9
In base 12, what is 2 - -5bb?
601
In base 13, what is 135 + 9?
141
In base 3, what is 12 + 2101020?
2101102
In base 10, what is 33 + 7?
40
In base 16, what is -1 - -59f?
59e
In base 16, what is 4 + -6?
-2
In base 5, what is 11 + 10021?
10032
In base 16, what is -2 - -5f9?
5f7
In base 14, what is -c + -2?
-10
In base 2, what is -10000011 - 1001?
-10001100
In base 4, what is 13301 + -11?
13230
In base 9, what is 288 + -6?
282
In base 9, what is -2 + -21?
-23
In base 16, what is 0 - -57?
57
In base 16, what is -4f - -3?
-4c
In base 2, what is -100010111110 + -11?
-100011000001
In base 10, what is 163 + 1?
164
In base 2, what is -11 - 1111101?
-10000000
In base 4, what is 1212 - -1?
1213
In base 8, what is 5 - 273?
-266
In base 16, what is -7 + -3e?
-45
In base 10, what is 86 + -9?
77
In base 5, what is -44 - -444?
400
In base 7, what is 15 - -14?
32
In base 7, what is -4314 - -3?
-4311
In base 2, what is -11 - 0?
-11
In base 12, what is -1553 - 5?
-1558
In base 11, what is -15a - 3?
-162
In base 3, what is 10001212 - -12?
10002001
In base 7, what is 53 + -35?
15
In base 8, what is -100 - 6?
-106
In base 11, what is 9 - -19?
27
In base 2, what is 10110001 - -11?
10110100
In base 2, what is 111001 + 11?
111100
In base 10, what is 10 - 806?
-796
In base 13, what is -1 + c54?
c53
In base 11, what is -126 - 7?
-132
In base 15, what is b15 - b?
b09
In base 12, what is -4 + 591?
589
In base 15, what is 23 - 35?
-12
In base 2, what is 100 + 11011?
11111
In base 3, what is 12 - -1101?
1120
In base 15, what is 58a - 5?
585
In base 6, what is -123 - -40?
-43
In base 2, what is -101 + 1101001011?
1101000110
In base 10, what is -4 - 2?
-6
In base 8, what is -7645 - -1?
-7644
In base 8, what is 353 + -3?
350
In base 10, what is -156 - 3?
-159
In base 11, what is -107 - 3?
-10a
In base 5, what is -2124042 - -3?
-2124034
In base 16, what is 0 - ee?
-ee
In base 7, what is -26 - 12?
-41
In base 12, what is -118a - -2?
-1188
In base 14, what is 44 - c?
36
In base 5, what is 440 + 423?
1413
In base 10, what is 7818 - -2?
7820
In base 16, what is 352 - 5?
34d
In base 2, what is 100000 - -1000010?
1100010
In base 9, what is -211 - 4?
-215
In base 8, what is -2 - 115?
-117
In base 3, what is -1010 + 10201?
2121
In base 2, what is -10 + -10011101010?
-10011101100
In base 12, what is 8737 + -2?
8735
In base 14, what is 1232 - -4?
1236
In base 13, what is -1 + -2c?
-30
In base 15, what is -312 - 2d?
-340
In base 6, what is 31 + -112?
-41
In base 3, what is -111 - -1000?
112
In base 8, what is -4 + -47?
-53
In base 2, what is -101 - 1110010?
-1110111
In base 6, w